eatest common divisor of 22 and l.
22
Let a be -8*(3 - (9 - 2)). Calculate the highest common factor of 48 and a.
16
Let n be (-250)/(-40) + -1*(-1)/(-4). Calculate the greatest common divisor of n and 6.
6
Let b be (-362 + -1)/((-4)/(5 - 1)). Calculate the greatest common divisor of 33 and b.
33
Suppose 0 = -m - 2, -42 = -i + 5*m + 5. Let g = 60 - i. What is the greatest common divisor of 69 and g?
23
Suppose -3*l + 80 + 160 = 0. Calculate the greatest common divisor of 10 and l.
10
Let r = -123 - -165. Calculate the greatest common factor of 28 and r.
14
Let i = -21 - -23. Calculate the highest common factor of i and 1.
1
Let g = 37 + -25. Suppose 3*x - 16 = 5*q, 0 = x - 0*x - 5*q + 8. What is the greatest common factor of g and x?
12
Let h(w) = -w**3 - 12*w**2 + w + 19. Let a be h(-12). Calculate the highest common factor of 28 and a.
7
Let a be -3 - -5 - (-10 - -1). Calculate the greatest common factor of 99 and a.
11
Suppose 0 = -4*p + 2*a + 32, -p + 0*a - 6 = -4*a. Let r be (-114)/(-7) + p/(-35). Calculate the highest common factor of r and 48.
16
Suppose 5*q - 9*q + 12 = 0. Suppose -4*o = -5*d - 3*o + 96, q*d = -4*o + 76. What is the highest common factor of d and 140?
20
Suppose n = -3*c + 179, 3 = 6*c - 3*c. What is the greatest common factor of n and 16?
16
Let k = 319 - -139. Suppose -5*x + 52 + k = 0. Let y = 50 + -33. Calculate the highest common divisor of y and x.
17
Suppose -2*y - 5*i - 72 = -3*y, 4*y - 288 = 5*i. Calculate the highest common factor of 8 and y.
8
Suppose 36 - 9 = 3*o. Calculate the highest common factor of 9 and o.
9
Suppose 4*g - 216 = -2*g. What is the greatest common factor of g and 12?
12
Let f be 77/3 - (-1)/3. Let i = 97 + -32. What is the highest common divisor of f and i?
13
Suppose 0 = 5*h - 60 - 55. Calculate the greatest common factor of h and 207.
23
Let n = 98 - -35. Suppose -3*s + 6*l + 42 = l, -5*l = s - 34. What is the highest common divisor of s and n?
19
Let z(v) = -8 - 4*v + 0 - 2. Let o be z(-9). Let a be -26*6/4*-1. What is the highest common divisor of o and a?
13
Suppose 7*y + 4 = 3*y. Let r = 0 - y. Let o be r/(3*2/72). Calculate the highest common divisor of o and 24.
12
Let c(z) = -125*z. Let h be c(-1). Suppose -h = -n - 4*n. What is the highest common divisor of n and 10?
5
Let x = 6 + -6. Suppose x = 5*d - 4*d - 85. Let j be (-1)/(-2) + 134/4. What is the highest common factor of j and d?
17
Suppose -2*y + 32 = -y. What is the greatest common divisor of 16 and y?
16
Suppose 0 = 3*p + 5*i - 54, 4*p + 2*i - 72 = -0*i. Suppose -5*a + 1279 = 289. What is the highest common factor of a and p?
18
Let o = -31 - -43. Calculate the highest common divisor of o and 54.
6
Let h = 4 + -2. Suppose 0 = -h*l + b + 3*b + 26, -2*l + b + 23 = 0. Let n be ((-44)/10)/((-2)/10). What is the highest common factor of n and l?
11
Suppose 5*q - 10 = -v, -2*v - 3*q + 50 = 3*v. What is the highest common factor of 25 and v?
5
Let r(p) = 2*p**2. Let v be r(1). Let q = -9 + 13. What is the greatest common factor of q and v?
2
Let l(m) = -2*m + 18. Let a be l(-27). Calculate the highest common divisor of 16 and a.
8
Let d be 14/2 + (2 - 3). Let q(i) = i**2 - 4*i + 9. Let f be q(d). Suppose 21 = 3*g - f. What is the highest common divisor of g and 2?
2
Suppose 88 = 4*u - 0*u. What is the highest common divisor of 154 and u?
22
Let m be 2/(2 - (-45)/(-24)). What is the highest common factor of m and 40?
8
Suppose 452 = 3*p + 4*s, -4*s = p - 3*p + 308. Calculate the greatest common factor of 19 and p.
19
Let a be (54/15)/((-3)/40). Let l = -20 - a. What is the highest common factor of l and 42?
14
Let b = -5 + 7. Suppose b*g = i - 9 + 144, 3*i + 204 = 3*g. Suppose -253 - g = -4*c. Calculate the highest common factor of 32 and c.
16
Suppose 5*f - 82 - 83 = 0. Calculate the greatest common divisor of f and 198.
33
Suppose -2*r + 0*r + 30 = 0. Suppose 4*h + 3 = r. Let j = h + -1. Calculate the greatest common divisor of j and 8.
2
Let x = -10 - -19. Let m be 4*9/(x/10). What is the greatest common factor of m and 4?
4
Let o(j) = 11*j + 1. Let b be o(1). Let u = 55 - -63. Let s be 4/10 + u/5. Calculate the greatest common divisor of b and s.
12
Suppose 0*n - 5*n + 5 = 0. Let l be -1*(-2 - 1/n). Suppose 6*p - 294 = l*p. What is the highest common divisor of 14 and p?
14
Suppose -12*n + 134 + 226 = 0. What is the highest common divisor of n and 6?
6
Suppose -2*j + 4*n = -0*j + 6, 5*n - 5 = 5*j. Calculate the highest common factor of 4 and j.
1
Suppose -q - 11 - 7 = -5*l, -3*q = 2*l + 3. Let x be (79 + 1)*(7 + l). Suppose 0 = j + 4*j - x. Calculate the greatest common divisor of 16 and j.
16
Let c = -377 + 559. Calculate the greatest common divisor of c and 26.
26
Let x(y) = -y**2 + 23*y - 12. Let i be x(18). What is the highest common factor of i and 6?
6
Let w = 450 - 318. Let f be 120/(-16)*8/(-5). Calculate the greatest common divisor of f and w.
12
Let v be 13/3 - 2/(-3). Suppose -5*t - 36 = -3*f, -4*f - 16 = -v*t - 69. Suppose 26 = g - 42. Calculate the highest common divisor of f and g.
17
Let d = 41 - 18. Let h be 232/10 - (-2)/(-10). Calculate the highest common divisor of d and h.
23
Let v(y) = y**3 - 4*y**2 + y + 5. Suppose -5*n = 4 + 6. Let z be (-15)/(-4) + n/(-8). Let j be v(z). What is the highest common factor of 36 and j?
9
Let q(f) = 2*f**2 + f + 9. Let b be q(-3). What is the highest common factor of b and 6?
6
Suppose 4*v = n - 6*n + 194, 5*n - 92 = -2*v. What is the highest common divisor of v and 17?
17
Let k be (-1296)/(-38) - (-48)/(-456). What is the highest common divisor of 102 and k?
34
Let m(s) = s**2 - 5*s + 5. Let x be m(5). Let n(a) = a**3 - 5*a - 4. Let o be n(x). Calculate the highest common divisor of o and 12.
12
Let q = -674 + 944. Suppose 62 = -4*f + q. Calculate the highest common divisor of f and 13.
13
Suppose 0*z + 3*z = -o + 4, -z + 4*o = -10. Calculate the greatest common factor of z and 4.
2
Let a = 19 + 20. Let h = a + 13. Calculate the highest common divisor of 13 and h.
13
Let f = 2 + 5. Let z = -17 + 17. Suppose 0 = -2*v + 3*i + f, z*v - 4*i = -v - 4. What is the greatest common factor of 24 and v?
8
Let y be (6 - 0)*-2*(-1)/1. What is the highest common divisor of 324 and y?
12
Suppose 2*g - 45 = 29. Suppose -136 = -3*q - g. Suppose -4*b - u = -12 - 35, b - 4*u - q = 0. What is the highest common divisor of 13 and b?
13
Let s(m) = -m**2 + 6*m + 9. Let q be s(8). Let w be (-10 - q) + (7 - 0). Calculate the highest common divisor of w and 10.
2
Let j be ((-12)/(-15))/((-4)/(-10)). Suppose 0 = -j*i + 35 + 95. Calculate the highest common factor of 13 and i.
13
Let s(n) = n - 5. Let t(h) = h + 1. Let a be t(9). Let d be s(a). Calculate the greatest common factor of d and 5.
5
Let c = -3 - -2. Let h be 1 + -2 - c - -20. Let f be (-15)/(-3) - (0/(-3) + -3). Calculate the greatest common factor of f and h.
4
Suppose -12 - 52 = -4*f. Let t be 6/(-4) + 66/12. Suppose -t*n = -2*n - 256. Calculate the highest common factor of n and f.
16
Let i(h) = 3*h**2 + 5*h**2 + 5*h - 1 - 3*h**2. Let y be i(4). Suppose 3*a + 53 = 3*q + 14, -32 = -4*q - a. Calculate the highest common divisor of y and q.
9
Let z(x) = -x - 4. Let y be z(-6). Suppose 2*m = -y*m + 28. Let t be 2*-1*(-1)/2. What is the highest common divisor of m and t?
1
Let v = 70 - 38. What is the greatest common divisor of v and 80?
16
Let l(w) be the second derivative of -w**5/20 + 3*w**4/4 + w**3/6 + w**2 + w. Let f be l(9). What is the greatest common divisor of f and 121?
11
Let d = 2 - 0. Suppose d = q - 0. Suppose 0 = 5*c + 15, -3*c = -5*z - q*c + 228. Calculate the highest common divisor of 30 and z.
15
Suppose x - 4*x = -225. Let i = -49 + x. What is the greatest common factor of i and 65?
13
Let b(g) = 4*g**3 - 3*g**2 - 1. Let r be b(3). What is the highest common divisor of r and 10?
10
Suppose -2*d - 4520 = 3*n - 8*n, d - 4505 = -5*n. Let u = 1298 - n. What is the greatest common factor of 36 and u?
36
Let i(w) = w**2 - w + 18. Let l be i(11). What is the highest common factor of 8 and l?
8
Let w = -1 - -4. Let i = w + 105. Calculate the highest common factor of 12 and i.
12
Let p(i) = 20*i - 60. Let c be p(5). What is the greatest common divisor of c and 50?
10
Suppose 360 = 4*b + b. What is the greatest common fac